{"id":925,"date":"2023-07-25T11:56:08","date_gmt":"2023-07-25T16:56:08","guid":{"rendered":"https:\/\/lacasadelcompresor.com\/?page_id=925"},"modified":"2024-02-24T15:01:46","modified_gmt":"2024-02-24T20:01:46","slug":"nosotros","status":"publish","type":"page","link":"https:\/\/lacasadelcompresor.com\/index.php\/nosotros\/","title":{"rendered":"Nosotros"},"content":{"rendered":"\t\t<div data-elementor-type=\"wp-page\" data-elementor-id=\"925\" class=\"elementor elementor-925\" data-elementor-post-type=\"page\">\n\t\t\t\t\t\t<section class=\"elementor-section elementor-top-section elementor-element elementor-element-2fb7cc5d elementor-section-full_width elementor-section-height-default elementor-section-height-default\" data-id=\"2fb7cc5d\" data-element_type=\"section\" data-e-type=\"section\" data-settings=\"{&quot;background_background&quot;:&quot;classic&quot;}\">\n\t\t\t\t\t\t\t<div class=\"elementor-background-overlay\"><\/div>\n\t\t\t\t\t\t\t<div class=\"elementor-container elementor-column-gap-default\">\n\t\t\t\t\t<div class=\"elementor-column elementor-col-100 elementor-top-column elementor-element elementor-element-1d9e7b1f\" data-id=\"1d9e7b1f\" data-element_type=\"column\" data-e-type=\"column\">\n\t\t\t<div class=\"elementor-widget-wrap elementor-element-populated\">\n\t\t\t\t\t\t<div class=\"elementor-element elementor-element-3909552f elementor-widget elementor-widget-spacer\" data-id=\"3909552f\" data-element_type=\"widget\" data-e-type=\"widget\" data-widget_type=\"spacer.default\">\n\t\t\t\t<div class=\"elementor-widget-container\">\n\t\t\t\t\t\t\t<div class=\"elementor-spacer\">\n\t\t\t<div class=\"elementor-spacer-inner\"><\/div>\n\t\t<\/div>\n\t\t\t\t\t\t<\/div>\n\t\t\t\t<\/div>\n\t\t\t\t<div class=\"elementor-element elementor-element-7646ceb elementor-widget elementor-widget-heading\" data-id=\"7646ceb\" data-element_type=\"widget\" data-e-type=\"widget\" data-widget_type=\"heading.default\">\n\t\t\t\t<div class=\"elementor-widget-container\">\n\t\t\t\t\t<h1 class=\"elementor-heading-title elementor-size-default\">Nosotros<\/h1>\t\t\t\t<\/div>\n\t\t\t\t<\/div>\n\t\t\t\t<div class=\"elementor-element elementor-element-7d162cf2 elementor-widget elementor-widget-heading\" data-id=\"7d162cf2\" data-element_type=\"widget\" data-e-type=\"widget\" data-widget_type=\"heading.default\">\n\t\t\t\t<div class=\"elementor-widget-container\">\n\t\t\t\t\t<h3 class=\"elementor-heading-title elementor-size-default\">Cultivando una s\u00f3lida reputaci\u00f3n como l\u00edderes en la industria<\/h3>\t\t\t\t<\/div>\n\t\t\t\t<\/div>\n\t\t\t\t<div class=\"elementor-element elementor-element-c4f1eac elementor-widget elementor-widget-spacer\" data-id=\"c4f1eac\" data-element_type=\"widget\" data-e-type=\"widget\" data-widget_type=\"spacer.default\">\n\t\t\t\t<div class=\"elementor-widget-container\">\n\t\t\t\t\t\t\t<div class=\"elementor-spacer\">\n\t\t\t<div class=\"elementor-spacer-inner\"><\/div>\n\t\t<\/div>\n\t\t\t\t\t\t<\/div>\n\t\t\t\t<\/div>\n\t\t\t\t\t<\/div>\n\t\t<\/div>\n\t\t\t\t\t<\/div>\n\t\t<\/section>\n\t\t\t\t<section class=\"elementor-section elementor-top-section elementor-element elementor-element-78d79310 elementor-section-full_width elementor-section-height-default elementor-section-height-default\" data-id=\"78d79310\" data-element_type=\"section\" data-e-type=\"section\">\n\t\t\t\t\t\t<div class=\"elementor-container elementor-column-gap-default\">\n\t\t\t\t\t<div class=\"elementor-column elementor-col-50 elementor-top-column elementor-element elementor-element-365960c9\" data-id=\"365960c9\" data-element_type=\"column\" data-e-type=\"column\">\n\t\t\t<div class=\"elementor-widget-wrap elementor-element-populated\">\n\t\t\t\t\t\t<div class=\"elementor-element elementor-element-a81a717 elementor-widget elementor-widget-heading\" data-id=\"a81a717\" data-element_type=\"widget\" data-e-type=\"widget\" data-widget_type=\"heading.default\">\n\t\t\t\t<div class=\"elementor-widget-container\">\n\t\t\t\t\t<h2 class=\"elementor-heading-title elementor-size-default\">La Casa Del Compresor<\/h2>\t\t\t\t<\/div>\n\t\t\t\t<\/div>\n\t\t\t\t<div class=\"elementor-element elementor-element-2933401 elementor-widget-divider--view-line elementor-widget elementor-widget-divider\" data-id=\"2933401\" data-element_type=\"widget\" data-e-type=\"widget\" data-widget_type=\"divider.default\">\n\t\t\t\t<div class=\"elementor-widget-container\">\n\t\t\t\t\t\t\t<div class=\"elementor-divider\">\n\t\t\t<span class=\"elementor-divider-separator\">\n\t\t\t\t\t\t<\/span>\n\t\t<\/div>\n\t\t\t\t\t\t<\/div>\n\t\t\t\t<\/div>\n\t\t\t\t<div class=\"elementor-element elementor-element-95778bf elementor-widget elementor-widget-heading\" data-id=\"95778bf\" data-element_type=\"widget\" data-e-type=\"widget\" data-widget_type=\"heading.default\">\n\t\t\t\t<div class=\"elementor-widget-container\">\n\t\t\t\t\t<h2 class=\"elementor-heading-title elementor-size-default\">Nuestra Experiencia<\/h2>\t\t\t\t<\/div>\n\t\t\t\t<\/div>\n\t\t\t\t\t<\/div>\n\t\t<\/div>\n\t\t\t\t<div class=\"elementor-column elementor-col-50 elementor-top-column elementor-element elementor-element-6cf7ba75\" data-id=\"6cf7ba75\" data-element_type=\"column\" data-e-type=\"column\">\n\t\t\t<div class=\"elementor-widget-wrap elementor-element-populated\">\n\t\t\t\t\t\t<div class=\"elementor-element elementor-element-744817a2 elementor-widget elementor-widget-text-editor\" data-id=\"744817a2\" data-element_type=\"widget\" data-e-type=\"widget\" data-widget_type=\"text-editor.default\">\n\t\t\t\t<div class=\"elementor-widget-container\">\n\t\t\t\t\t\t\t\t\t<p>En La Casa del Compresor contamos con m\u00e1s de 20 a\u00f1os de excelencia y dedicaci\u00f3n en el ensamble y mantenimiento de equipos industriales de alta calidad desde 1999 en Bucaramanga, Colombia. La empresa ha realizado alianzas comerciales con HANSHIN y FUSHENG para ofrecer compresores y dem\u00e1s productos coreanos y taiwaneses de calidad internacional, respectivamente. Adem\u00e1s, en 2014, formamos alianzas comerciales con f\u00e1bricas de v\u00e1lvulas de seguridad, man\u00f3metros y cheques de retenci\u00f3n en Estados Unidos, para ofrecer compresores m\u00e1s seguros y de mayor calidad en sus accesorios. Actualmente\u00a0 importar directamente <strong>compresores de tornillo<\/strong>, secadores de aire y filtros de l\u00ednea, con el objetivo de ser m\u00e1s competitivos en precios y tener un respaldo directo con el fabricante<\/p>\t\t\t\t\t\t\t\t<\/div>\n\t\t\t\t<\/div>\n\t\t\t\t\t<\/div>\n\t\t<\/div>\n\t\t\t\t\t<\/div>\n\t\t<\/section>\n\t\t\t\t<section class=\"elementor-section elementor-top-section elementor-element elementor-element-ef57e04 elementor-section-full_width elementor-section-height-default elementor-section-height-default\" data-id=\"ef57e04\" data-element_type=\"section\" data-e-type=\"section\" data-settings=\"{&quot;background_background&quot;:&quot;classic&quot;}\">\n\t\t\t\t\t\t<div class=\"elementor-container elementor-column-gap-default\">\n\t\t\t\t\t<div class=\"elementor-column elementor-col-50 elementor-top-column elementor-element elementor-element-967dfd3\" data-id=\"967dfd3\" data-element_type=\"column\" data-e-type=\"column\">\n\t\t\t<div class=\"elementor-widget-wrap elementor-element-populated\">\n\t\t\t\t\t\t<div class=\"elementor-element elementor-element-5b1a77d elementor-widget elementor-widget-image\" data-id=\"5b1a77d\" data-element_type=\"widget\" data-e-type=\"widget\" data-widget_type=\"image.default\">\n\t\t\t\t<div class=\"elementor-widget-container\">\n\t\t\t\t\t\t\t\t\t\t\t\t\t\t\t<img fetchpriority=\"high\" decoding=\"async\" width=\"1024\" height=\"996\" src=\"https:\/\/lacasadelcompresor.com\/wp-content\/uploads\/2023\/12\/Copia-de-IMG_20210401_122328-scaled-e1702745636425-1024x996.jpg\" class=\"attachment-large size-large wp-image-3355\" alt=\"\" srcset=\"https:\/\/lacasadelcompresor.com\/wp-content\/uploads\/2023\/12\/Copia-de-IMG_20210401_122328-scaled-e1702745636425-1024x996.jpg 1024w, https:\/\/lacasadelcompresor.com\/wp-content\/uploads\/2023\/12\/Copia-de-IMG_20210401_122328-scaled-e1702745636425-300x292.jpg 300w, https:\/\/lacasadelcompresor.com\/wp-content\/uploads\/2023\/12\/Copia-de-IMG_20210401_122328-scaled-e1702745636425-768x747.jpg 768w, https:\/\/lacasadelcompresor.com\/wp-content\/uploads\/2023\/12\/Copia-de-IMG_20210401_122328-scaled-e1702745636425-1536x1494.jpg 1536w, https:\/\/lacasadelcompresor.com\/wp-content\/uploads\/2023\/12\/Copia-de-IMG_20210401_122328-scaled-e1702745636425-600x584.jpg 600w, https:\/\/lacasadelcompresor.com\/wp-content\/uploads\/2023\/12\/Copia-de-IMG_20210401_122328-scaled-e1702745636425.jpg 1920w\" sizes=\"(max-width: 1024px) 100vw, 1024px\" \/>\t\t\t\t\t\t\t\t\t\t\t\t\t\t\t<\/div>\n\t\t\t\t<\/div>\n\t\t\t\t\t<\/div>\n\t\t<\/div>\n\t\t\t\t<div class=\"elementor-column elementor-col-50 elementor-top-column elementor-element elementor-element-72cea2e\" data-id=\"72cea2e\" data-element_type=\"column\" data-e-type=\"column\">\n\t\t\t<div class=\"elementor-widget-wrap elementor-element-populated\">\n\t\t\t\t\t<div class=\"elementor-background-overlay\"><\/div>\n\t\t\t\t\t\t<div class=\"elementor-element elementor-element-e91f2da elementor-widget elementor-widget-heading\" data-id=\"e91f2da\" data-element_type=\"widget\" data-e-type=\"widget\" data-widget_type=\"heading.default\">\n\t\t\t\t<div class=\"elementor-widget-container\">\n\t\t\t\t\t<h2 class=\"elementor-heading-title elementor-size-default\">Nuestra Misi\u00f3n<\/h2>\t\t\t\t<\/div>\n\t\t\t\t<\/div>\n\t\t\t\t<div class=\"elementor-element elementor-element-788cc5c elementor-widget-divider--view-line elementor-widget elementor-widget-divider\" data-id=\"788cc5c\" data-element_type=\"widget\" data-e-type=\"widget\" data-widget_type=\"divider.default\">\n\t\t\t\t<div class=\"elementor-widget-container\">\n\t\t\t\t\t\t\t<div class=\"elementor-divider\">\n\t\t\t<span class=\"elementor-divider-separator\">\n\t\t\t\t\t\t<\/span>\n\t\t<\/div>\n\t\t\t\t\t\t<\/div>\n\t\t\t\t<\/div>\n\t\t\t\t<div class=\"elementor-element elementor-element-55c8778 elementor-widget elementor-widget-text-editor\" data-id=\"55c8778\" data-element_type=\"widget\" data-e-type=\"widget\" data-widget_type=\"text-editor.default\">\n\t\t\t\t<div class=\"elementor-widget-container\">\n\t\t\t\t\t\t\t\t\t<p>En La Casa del Compresor, nuestra misi\u00f3n es clara: impulsar el \u00e9xito de su empresa con asesor\u00eda especializada para la adquisici\u00f3n de compresores de alta calidad y servicios relacionados que mejoren la eficiencia operacional. Manejando siempre un enfoque en la calidad, confiabilidad y satisfacci\u00f3n al cliente, trabajamos incansablemente para asegurarnos de que cada experiencia con \u201cLa Casa del Compresor\u201d sea una experiencia exitosa e inigualable.<\/p>\t\t\t\t\t\t\t\t<\/div>\n\t\t\t\t<\/div>\n\t\t\t\t\t<\/div>\n\t\t<\/div>\n\t\t\t\t\t<\/div>\n\t\t<\/section>\n\t\t\t\t<section class=\"elementor-section elementor-top-section elementor-element elementor-element-139b741 elementor-section-full_width elementor-reverse-tablet elementor-reverse-mobile elementor-section-height-default elementor-section-height-default\" data-id=\"139b741\" data-element_type=\"section\" data-e-type=\"section\">\n\t\t\t\t\t\t<div class=\"elementor-container elementor-column-gap-default\">\n\t\t\t\t\t<div class=\"elementor-column elementor-col-50 elementor-top-column elementor-element elementor-element-bf14181\" data-id=\"bf14181\" data-element_type=\"column\" data-e-type=\"column\">\n\t\t\t<div class=\"elementor-widget-wrap elementor-element-populated\">\n\t\t\t\t\t<div class=\"elementor-background-overlay\"><\/div>\n\t\t\t\t\t\t<div class=\"elementor-element elementor-element-fc47bf3 elementor-widget elementor-widget-heading\" data-id=\"fc47bf3\" data-element_type=\"widget\" data-e-type=\"widget\" data-widget_type=\"heading.default\">\n\t\t\t\t<div class=\"elementor-widget-container\">\n\t\t\t\t\t<h2 class=\"elementor-heading-title elementor-size-default\">Un Socio Confiable<\/h2>\t\t\t\t<\/div>\n\t\t\t\t<\/div>\n\t\t\t\t<div class=\"elementor-element elementor-element-34bb5e8 elementor-widget-divider--view-line elementor-widget elementor-widget-divider\" data-id=\"34bb5e8\" data-element_type=\"widget\" data-e-type=\"widget\" data-widget_type=\"divider.default\">\n\t\t\t\t<div class=\"elementor-widget-container\">\n\t\t\t\t\t\t\t<div class=\"elementor-divider\">\n\t\t\t<span class=\"elementor-divider-separator\">\n\t\t\t\t\t\t<\/span>\n\t\t<\/div>\n\t\t\t\t\t\t<\/div>\n\t\t\t\t<\/div>\n\t\t\t\t<div class=\"elementor-element elementor-element-caa1b1d elementor-widget elementor-widget-text-editor\" data-id=\"caa1b1d\" data-element_type=\"widget\" data-e-type=\"widget\" data-widget_type=\"text-editor.default\">\n\t\t\t\t<div class=\"elementor-widget-container\">\n\t\t\t\t\t\t\t\t\t<p>En La Casa del Compresor, no solo somos proveedores de compresores y servicios, somos un socio confiable en tu viaje hacia el \u00e9xito. Nos enorgullece ser una de las mejores elecciones en la industria. Demostrando siempre la dedicaci\u00f3n a la calidad, la integridad y la satisfacci\u00f3n del cliente, ya que confiar en nosotros es tener soluciones a la medida seg\u00fan los requerimientos de la labor a realizar.<\/p>\t\t\t\t\t\t\t\t<\/div>\n\t\t\t\t<\/div>\n\t\t\t\t\t<\/div>\n\t\t<\/div>\n\t\t\t\t<div class=\"elementor-column elementor-col-50 elementor-top-column elementor-element elementor-element-9f6bf12\" data-id=\"9f6bf12\" data-element_type=\"column\" data-e-type=\"column\">\n\t\t\t<div class=\"elementor-widget-wrap elementor-element-populated\">\n\t\t\t\t\t\t<div class=\"elementor-element elementor-element-a0c91a7 elementor-widget elementor-widget-image\" data-id=\"a0c91a7\" data-element_type=\"widget\" data-e-type=\"widget\" data-widget_type=\"image.default\">\n\t\t\t\t<div class=\"elementor-widget-container\">\n\t\t\t\t\t\t\t\t\t\t\t\t\t\t\t<img decoding=\"async\" width=\"1024\" height=\"968\" src=\"https:\/\/lacasadelcompresor.com\/wp-content\/uploads\/2023\/12\/WhatsApp-Image-2023-12-16-at-11.50.32-AM-scaled-e1702745580630-1024x968.jpeg\" class=\"attachment-large size-large wp-image-3414\" alt=\"compresor x\" srcset=\"https:\/\/lacasadelcompresor.com\/wp-content\/uploads\/2023\/12\/WhatsApp-Image-2023-12-16-at-11.50.32-AM-scaled-e1702745580630-1024x968.jpeg 1024w, https:\/\/lacasadelcompresor.com\/wp-content\/uploads\/2023\/12\/WhatsApp-Image-2023-12-16-at-11.50.32-AM-scaled-e1702745580630-300x284.jpeg 300w, https:\/\/lacasadelcompresor.com\/wp-content\/uploads\/2023\/12\/WhatsApp-Image-2023-12-16-at-11.50.32-AM-scaled-e1702745580630-768x726.jpeg 768w, https:\/\/lacasadelcompresor.com\/wp-content\/uploads\/2023\/12\/WhatsApp-Image-2023-12-16-at-11.50.32-AM-scaled-e1702745580630-1536x1452.jpeg 1536w, https:\/\/lacasadelcompresor.com\/wp-content\/uploads\/2023\/12\/WhatsApp-Image-2023-12-16-at-11.50.32-AM-scaled-e1702745580630-600x567.jpeg 600w, https:\/\/lacasadelcompresor.com\/wp-content\/uploads\/2023\/12\/WhatsApp-Image-2023-12-16-at-11.50.32-AM-scaled-e1702745580630.jpeg 1868w\" sizes=\"(max-width: 1024px) 100vw, 1024px\" \/>\t\t\t\t\t\t\t\t\t\t\t\t\t\t\t<\/div>\n\t\t\t\t<\/div>\n\t\t\t\t\t<\/div>\n\t\t<\/div>\n\t\t\t\t\t<\/div>\n\t\t<\/section>\n\t\t\t\t<section class=\"elementor-section elementor-top-section elementor-element elementor-element-844b67f elementor-section-full_width elementor-section-height-default elementor-section-height-default\" data-id=\"844b67f\" data-element_type=\"section\" data-e-type=\"section\" data-settings=\"{&quot;background_background&quot;:&quot;classic&quot;}\">\n\t\t\t\t\t\t\t<div class=\"elementor-background-overlay\"><\/div>\n\t\t\t\t\t\t\t<div class=\"elementor-container elementor-column-gap-default\">\n\t\t\t\t\t<div class=\"elementor-column elementor-col-100 elementor-top-column elementor-element elementor-element-af58f3e\" data-id=\"af58f3e\" data-element_type=\"column\" data-e-type=\"column\">\n\t\t\t<div class=\"elementor-widget-wrap elementor-element-populated\">\n\t\t\t\t\t<div class=\"elementor-background-overlay\"><\/div>\n\t\t\t\t\t\t<div class=\"elementor-element elementor-element-08b4b04 elementor-widget elementor-widget-heading\" data-id=\"08b4b04\" data-element_type=\"widget\" data-e-type=\"widget\" data-widget_type=\"heading.default\">\n\t\t\t\t<div class=\"elementor-widget-container\">\n\t\t\t\t\t<h3 class=\"elementor-heading-title elementor-size-default\">\u00a1Gracias por confiar en La Casa Del Compresor!<\/h3>\t\t\t\t<\/div>\n\t\t\t\t<\/div>\n\t\t\t\t<div class=\"elementor-element elementor-element-cb2866d elementor-widget-divider--view-line elementor-widget elementor-widget-divider\" data-id=\"cb2866d\" data-element_type=\"widget\" data-e-type=\"widget\" data-widget_type=\"divider.default\">\n\t\t\t\t<div class=\"elementor-widget-container\">\n\t\t\t\t\t\t\t<div class=\"elementor-divider\">\n\t\t\t<span class=\"elementor-divider-separator\">\n\t\t\t\t\t\t<\/span>\n\t\t<\/div>\n\t\t\t\t\t\t<\/div>\n\t\t\t\t<\/div>\n\t\t\t\t<div class=\"elementor-element elementor-element-ef62245 elementor-widget elementor-widget-heading\" data-id=\"ef62245\" data-element_type=\"widget\" data-e-type=\"widget\" data-widget_type=\"heading.default\">\n\t\t\t\t<div class=\"elementor-widget-container\">\n\t\t\t\t\t<h3 class=\"elementor-heading-title elementor-size-default\">Orgullosos de Ser Parte de Bucaramanga<\/h3>\t\t\t\t<\/div>\n\t\t\t\t<\/div>\n\t\t\t\t<div class=\"elementor-element elementor-element-22f1960 elementor-widget elementor-widget-text-editor\" data-id=\"22f1960\" data-element_type=\"widget\" data-e-type=\"widget\" data-widget_type=\"text-editor.default\">\n\t\t\t\t<div class=\"elementor-widget-container\">\n\t\t\t\t\t\t\t\t\t<p>Estamos profundamente arraigados de ser Bumangueses. Esta ciudad es nuestro hogar y fuente de inspiraci\u00f3n. Estamos orgullosos de ser parte de esta comunidad y de servir a nuestros amigos y vecinos. Nuestra ubicaci\u00f3n en Bucaramanga nos permite comprender las necesidades \u00fanicas de nuestra regi\u00f3n y brindar un servicio cercano y eficiente. Nuestra historia est\u00e1 entrelazada con la de Bucaramanga, y esperamos con entusiasmo seguir contribuyendo al crecimiento y \u00e9xito de nuestra ciudad.<\/p>\t\t\t\t\t\t\t\t<\/div>\n\t\t\t\t<\/div>\n\t\t\t\t\t<\/div>\n\t\t<\/div>\n\t\t\t\t\t<\/div>\n\t\t<\/section>\n\t\t\t\t<\/div>\n\t\t","protected":false},"excerpt":{"rendered":"<p>Nosotros Cultivando una s\u00f3lida reputaci\u00f3n como l\u00edderes en la industria La Casa Del Compresor Nuestra Experiencia En La Casa del Compresor contamos con m\u00e1s de 20 a\u00f1os de excelencia y dedicaci\u00f3n en el ensamble y mantenimiento de equipos industriales de alta calidad desde 1999 en Bucaramanga, Colombia. La empresa ha realizado alianzas comerciales con HANSHIN &hellip;<\/p>\n<p class=\"read-more\"> <a class=\"\" href=\"https:\/\/lacasadelcompresor.com\/index.php\/nosotros\/\"> <span class=\"screen-reader-text\">Nosotros<\/span> Leer m\u00e1s &raquo;<\/a><\/p>\n","protected":false},"author":2,"featured_media":0,"parent":0,"menu_order":0,"comment_status":"closed","ping_status":"closed","template":"","meta":{"site-sidebar-layout":"no-sidebar","site-content-layout":"page-builder","ast-global-header-display":"","ast-banner-title-visibility":"","ast-main-header-display":"","ast-hfb-above-header-display":"","ast-hfb-below-header-display":"","ast-hfb-mobile-header-display":"","site-post-title":"disabled","ast-breadcrumbs-content":"","ast-featured-img":"disabled","footer-sml-layout":"","theme-transparent-header-meta":"","adv-header-id-meta":"","stick-header-meta":"","header-above-stick-meta":"","header-main-stick-meta":"","header-below-stick-meta":"","_joinchat":[],"footnotes":""},"class_list":["post-925","page","type-page","status-publish","hentry"],"_links":{"self":[{"href":"https:\/\/lacasadelcompresor.com\/index.php\/wp-json\/wp\/v2\/pages\/925","targetHints":{"allow":["GET"]}}],"collection":[{"href":"https:\/\/lacasadelcompresor.com\/index.php\/wp-json\/wp\/v2\/pages"}],"about":[{"href":"https:\/\/lacasadelcompresor.com\/index.php\/wp-json\/wp\/v2\/types\/page"}],"author":[{"embeddable":true,"href":"https:\/\/lacasadelcompresor.com\/index.php\/wp-json\/wp\/v2\/users\/2"}],"replies":[{"embeddable":true,"href":"https:\/\/lacasadelcompresor.com\/index.php\/wp-json\/wp\/v2\/comments?post=925"}],"version-history":[{"count":10,"href":"https:\/\/lacasadelcompresor.com\/index.php\/wp-json\/wp\/v2\/pages\/925\/revisions"}],"predecessor-version":[{"id":3636,"href":"https:\/\/lacasadelcompresor.com\/index.php\/wp-json\/wp\/v2\/pages\/925\/revisions\/3636"}],"wp:attachment":[{"href":"https:\/\/lacasadelcompresor.com\/index.php\/wp-json\/wp\/v2\/media?parent=925"}],"curies":[{"name":"wp","href":"https:\/\/api.w.org\/{rel}","templated":true}]}}